+ 2. Let s be d(2). Let h(b) = 6*b**2 + 9*b + 1. Let a(u) = u**3 - 3*u**2 + 2*u**2 + 4*u**3 - 4*u**3. Let j(r) = -a(r) + h(r). What is j(s)?
9
Let v(c) = -5*c**2 + c - 1. Suppose 4*p = n - 21, 5*n = p + 23 + 6. Let g(u) = -4*u**2. Let l(m) = p*g(m) + 3*v(m). Let t = 25 + -30. Give l(t).
7
Let g(r) = 4*r - 7. Let u(v) = 7*v - 13. Suppose 0 = 5*p - 9 + 24. Let a(c) = p*u(c) + 5*g(c). What is a(7)?
-3
Let w(t) be the first derivative of t**4/4 + t**3/3 - t**2/2 + 6*t - 1. Let b = 91 - 79. Suppose -5*z = 3*s - 8 - b, -4*s + 5*z = 20. Determine w(s).
6
Let h = -742 + 745. Let v(z) = -z**2 + 5*z - 1. Calculate v(h).
5
Let f(r) be the second derivative of -r**3/6 + 10*r**2 - 167*r + 2. Calculate f(9).
11
Suppose 0 = 4*w - 4 + 8. Let l be (-35)/7 + w + 4. Let p(v) = -2*v**2 - 4*v - 3. Calculate p(l).
-3
Suppose 6*h - 7*h + 6 = 0. Let c(w) = 6*w - 2. Determine c(h).
34
Let r(c) = -c**2 - 4*c. Let b = -27 - -46. Let o = b + -22. Give r(o).
3
Let f(j) = j**3 - 7*j**2 + 1 + 3 + 0. Let l be f(7). Let s(u) = -1 + 1304*u - 665*u - 638*u. What is s(l)?
3
Let o(g) = -g**3 + 6*g**2 + 6*g + 5. Let d(q) = 5*q - 8. Let c be d(7). Let m = c + -16. Suppose 0 = 10*p - m*p + 7. Give o(p).
-2
Let u = -263 - -269. Let m(p) = -p**3 + 5*p**2 + 5*p - 2. Give m(u).
-8
Let i(l) = -l**3 + 5*l**2 - 4. Let u = 117 + -112. Calculate i(u).
-4
Let i(u) be the second derivative of -u**7/2520 - u**6/720 + 7*u**5/60 - 19*u**4/12 + 10*u. Let l(y) be the third derivative of i(y). Calculate l(0).
14
Suppose -d + 0*d = -5. Let p(q) = 5*q**2 - 9. Let y(a) = a**2 + 9*a + 4. Let w be y(-9). Let h(b) = -4*b**2 + b + 8. Let t(k) = w*h(k) + 3*p(k). Give t(d).
0
Let i(d) = -d**2 - 5*d - 5. Let t = 6 + -2. Let h(w) = -t*w - 3 + 6*w - w. Let n be h(-2). Give i(n).
-5
Let x(h) be the second derivative of 3/4*h**4 - 1/20*h**5 - 5/3*h**3 - 5*h + 6*h**2 + 0. Let q = -77 - -85. Give x(q).
-4
Let h(m) be the third derivative of m**4/24 - 5*m**3/6 + m**2 + 35. Let f be (-1)/((-5)/(-3) - 2). Determine h(f).
-2
Let j(b) = 19*b**2 - 17*b**2 + 5*b - 3*b. Suppose -11 = -2*o - 7. Give j(o).
12
Let q(o) = -52*o**2 - 20*o - 14. Let j(w) = -18*w**2 - 7*w - 5. Let h(f) = 17*j(f) - 6*q(f). Determine h(-2).
21
Let y(v) = -8*v - 1. Let c(n) = 7*n + 2. Let s(r) = 4*c(r) + 3*y(r). Let z(d) = -9*d - 11. Let m(j) = 7*s(j) + 3*z(j). Give m(6).
8
Let d(c) = -c**3 + 5*c**2 - 4*c + 4. Let v be (-43)/9 + 6/(-27). Let w = 23 + -14. Let l = w + v. What is d(l)?
4
Let m(r) = -5*r - 9. Let u(k) = 6*k + 12. Let o(t) = 7*m(t) + 6*u(t). What is o(-3)?
6
Let v(z) = -z**2 + 2*z. Let y be 346/(-10) + (-21)/(-35). Let r = 40 + y. What is v(r)?
-24
Let m(n) = -n. Suppose 0 = c - 8 - 27. Suppose 30*q + 10 = c*q. Calculate m(q).
-2
Let z(g) = -11*g + 2*g - 13 + 10*g. What is z(12)?
-1
Suppose -5*z + 9*z - 3*g = 11, -2*g - 9 = -3*z. Let a(j) = -2*j + 6. Calculate a(z).
-4
Let g(u) = -6*u**3 + 45*u**2 - 60*u - 111. Let c(q) = q**3 - 9*q**2 + 12*q + 22. Let o(n) = 11*c(n) + 2*g(n). Calculate o(-10).
0
Suppose -3 = s - 9. Suppose -2*u + s*h + 13 = h, 0 = -4*u - 2*h + 14. Let t(q) be the second derivative of -q**5/20 + q**4/4 + 2*q**3/3 + q**2 - q. Give t(u).
2
Let y be ((-6)/(-27))/(5/45). Let b(w) = 4 + w**y + 5 - 20 + 14 - 8*w. Give b(6).
-9
Let x(y) be the third derivative of y**6/120 - y**5/6 + y**4/3 + y**3/6 - 2*y**2 + 2*y - 36. Let w(z) = -8*z**3 + z**2 - z - 1. Let d be w(-1). Give x(d).
-8
Let k(p) = 208*p - 6. Let d(b) = -38*b + 1. Let a(x) = -22*d(x) - 4*k(x). Let l = -7 - -5. Calculate a(l).
-6
Let j(s) be the second derivative of s**4/2 + s**2/2 + 276*s + 2. Give j(1).
7
Let g(v) be the third derivative of v**4/12 + 11*v**3/6 + 2*v**2 + 17. Let x be 6/(-3 + (-36)/(-16)). Calculate g(x).
-5
Let p(u) = -u**3 + 4*u + 1. Let z be p(-2). Let i(h) = -h**3 + 2*h**2. Determine i(z).
1
Let s(g) be the second derivative of -13*g**3/6 - g**2 + 5*g + 45. Calculate s(3).
-41
Let i(j) = 66*j - 262. Let y be i(4). Let d(s) = 3*s**2 - 2*s + 4. Determine d(y).
12
Let h(y) = y**3 + 2*y**2 + 6 - 3*y + 4*y**2 + 9*y. Let b(u) = u**3 - u**2 - 3*u + 1. Let d be b(2). Let a be (-5 - 2) + 1 - d. What is h(a)?
1
Let r be 3*((-50)/(-15) + -2). Let f(g) = -2*g + 1. Let p(t) = 7*t - 20. Let d(q) = r*f(q) + p(q). Calculate d(-9).
-7
Let a(m) = 397*m + 9 + 400*m - 799*m. Give a(-10).
29
Suppose -3*g = 5*h + 18, 4*g + 6 = 2. Let z(l) = l - 2. What is z(h)?
-5
Let k(b) = 0*b**2 - 4*b - 2*b - b**2 - 4*b - 27 + 6. Determine k(-6).
3
Suppose 4*x - 2*t - 15 = -37, 2*t = 6. Let v(i) = 2*i**2 + 3*i + 1. Give v(x).
21
Let l(b) = -1233 - b**2 + 9*b - 8*b**2 + 2475 - 1237 + b**3. Give l(7).
-30
Let t(n) = -2*n - 1 + 2 - n + 4*n. Suppose 3*v + 5*b - 12 = -5, -5*b + 10 = 0. Calculate t(v).
0
Let t(m) = m**2 + m + 4. Let p(z) = -2*z - 6. Let y be p(-7). Suppose 4*l + 8 = x, 2*l - 6*l = 5*x + y. Determine t(x).
4
Suppose 25 = 14*v + 109. Let d(n) = n**3 + 5*n**2 - 8*n - 9. What is d(v)?
3
Suppose 5 + 7 = 3*y + 3*g, 2*y + 3*g - 13 = 0. Let s(t) = 3*t**3 - t**2 + t - 1. Let q be s(1). Let h(r) = 8*r**2 + 3*r**2 - 3*r**2 + r**q. Give h(y).
9
Let q(b) be the third derivative of 0 - 1/24*b**4 - 8/3*b**3 + 0*b - b**2. Calculate q(-9).
-7
Let g(y) be the third derivative of -y**6/120 - y**5/20 + y**4/6 + y**3/3 + y**2. Suppose -j = 2*j + 12. Calculate g(j).
2
Let t be (-222)/(-4662) - 166/(-42). Let r(p) = 2*p**2 - 4*p - 6. Determine r(t).
10
Let y(s) = -2*s**3 - 2*s**2 - 7 + 9*s - 7*s**2 + s**3 + 0*s**3. Let m be y(-10). Let n(i) = -4*i**2 - 6*i**2 - 2*i**3 - 6 + 3*i**m + 9*i + 2*i**2. What is n(7)?
8
Let l(h) = 2*h - 9. Let z be 596/84 - 12/126. Give l(z).
5
Let n(i) = i**3 - 4*i**2 - 4*i - 7. Let c(s) = -s**3 + 7*s**2 - 3*s + 2. Let h be c(6). Let z be h/1*2/8. What is n(z)?
-2
Suppose -17 = -9*d + 10*d + 3*h, -5*d = -h + 37. Let v(f) = 2*f + 19. What is v(d)?
3
Let u(w) be the first derivative of -w**4/4 + 10*w**3/3 + 3*w**2/2 - 23*w - 372. Give u(10).
7
Let l(s) = -s**3 + 2*s**2 - 4. Let z(t) = t**2 + 2*t - 5. Suppose -4*m + m - 12 = 0. Let w be z(m). Calculate l(w).
-13
Let k be 8/((-4)/(-2))*-4. Let a = -9 - k. Let q(o) = 2*o - o**2 + a*o + 5 - 5*o. Calculate q(6).
-7
Let d(o) = o**2 - 6*o - 1. Let t(r) = -160*r - 2*r**2 + 0*r**2 + 39 + 190*r. Let a be t(16). What is d(a)?
6
Let z(o) = -o**3 - 3*o**2 + 7*o + 5. Suppose 10*q = 12*q + 4. Let y(v) = v**2 + 1. Let h(b) = q*y(b) + z(b). Give h(-6).
-3
Suppose -4*i - 7 = -2*r - 27, r = -2*i + 10. Let k(j) = -j**3 + 4*j**2 + 7*j. What is k(i)?
10
Let f(w) = -w**3 - 5*w**2 + 19*w. Let y be f(-8). Suppose -30 = -2*z - y. Let c(b) = -b**2 - 8*b - 7. What is c(z)?
8
Let t(h) be the second derivative of -h**4/12 - 5*h**3/6 + h**2 - 44*h. Determine t(4).
-34
Let z = 7 + -3. Suppose -z*n + 14 = -4*w + 7*w, 5*w + 4*n = 26. Let o(h) = h - 7*h**2 + w - 6 + 0. Give o(1).
-6
Let q(f) = 5*f**3 - 43*f**2 - 39*f + 71. Let o(c) = -3*c**3 + 29*c**2 + 26*c - 47. Let s(w) = -8*o(w) - 5*q(w). Calculate s(-16).
-27
Let g be (4/6)/(16/24). Let h(x) = -7*x. Let y be h(g). Let v(d) be the third derivative of -d**5/60 - d**4/3 - 3*d**2. What is v(y)?
7
Let b(v) = 7*v - 6. Let d(x) = -15*x + 13. Let r(q) = 13*b(q) + 6*d(q). Suppose -2*f = 182 + 80. Let h = -130 - f. What is r(h)?
1
Let u = 7 + -2. Suppose 2*b - 4*r = -24, -u*b - 28 + 8 = -2*r. Let y be b/(3 - (-39)/(-15)). Let m(x) = x**2 + 5*x + 1. Calculate m(y).
1
Let h(u) = 308 + 28*u - 29*u - 310. Determine h(-4).
2
Let m = -8 - -12. Suppose 2*a - 34 = -m*z, 5*z - 7 = -2*a + 33. Let p(i) = -i + 2*i**2 - z*i + 4 + 3*i + 0. Give p(3).
10
Let w(r) = 3*r - 2*r**2 + 0*r**3 + 3*r**3 - 2*r**3 + 3 + 3*r**2. Let k be (5 - 0)*20/(-50). Determine w(k).
-7
Let v(o) = 181*o**3 - 14*o**2 - 182*o**3 + o - 3*o + 14 + 2*o. Determine v(-14).
14
Suppose -5*l - 2*p = -9, 5*l = l + 5*p + 27. Let j(d) = d**3 - 3*d**2 + d + 3. Give j(l).
6
Let i(b) be the first derivative of b**3/3 - b**2 - 31*b + 562. Give i(-5).
4
Let c = 379 - 373. Let p(w) = -3*w. Determine p(c).
-18
Let u(i) be the first derivative of i**4/12 + 7*i**2/2 - 8*i - 8. Let s(d) be the first derivative of u(d). Give s(0).
7
Let i(l) = 5*l**2 + 9*l - 9. Let r(v) = 6*v**2 + 10*v - 8. Let a(w) = 5*i(w) - 4*r(w). Give a(-7).
1
Let l(s) = -s + 2. Let y(z) = 2*z**2 + 3*z. Let b be y(3). Let j = b + -29. Determine l(j).
4
Suppose -2*g - m + 6 = 0, -2*g - 2*m = 